t i be q(-6). Let u be (-8)/36 - (-29)/i. Suppose a + 145 = 6*a - 2*x, -3*a + 96 = -u*x. Calculate the highest common divisor of a and 3.
3
Let k(w) = w - 2. Let u be k(4). Suppose 0 = 2*o - u - 2. Suppose 5 = o*v + 3*p, -4*p + 1 = 5*v - 8*v. What is the highest common factor of v and 8?
1
Let g(m) = -4*m - 3. Let s be g(-4). Calculate the greatest common factor of 117 and s.
13
Suppose -2*z + z - 2 = 0. Let p be 66 - (z - (-3 + 1)). Suppose 18 + 0 = 3*c. Calculate the highest common factor of p and c.
6
Let o = 107 + 10. What is the highest common divisor of 9 and o?
9
Suppose 0 = -2*o - 0*o - 10, -3*o = -4*t + 19. Calculate the greatest common divisor of 3 and t.
1
Suppose -2*q = 3*q - 15. Suppose -269 - 25 = -d - q*f, 2*d = -4*f + 584. Calculate the greatest common divisor of d and 32.
32
Let x(n) = n**3 - 12*n**2 - 10*n - 4. Let y be x(13). What is the highest common divisor of y and 245?
35
Let b = -5 + 2. Let y = 8 - 13. Let m = b - y. What is the highest common divisor of m and 1?
1
Let g be ((-4)/(-1))/((-6)/(-192)). What is the greatest common divisor of 16 and g?
16
Suppose -10*f - 16 = -11*f. Suppose 4*o = -s - o + 16, 0 = s + 3*o - f. What is the greatest common factor of 40 and s?
8
Let u(f) = f + 4. Let k be u(4). Suppose g + 4*g - 60 = 0. What is the greatest common factor of k and g?
4
Suppose l = -w - 0*l + 14, 0 = -3*w + l + 30. Calculate the greatest common factor of w and 88.
11
Suppose -k - 3*r = -8*r + 10, k + 2*r = 4. Suppose k = -3*i + 10*i - 1008. Calculate the greatest common factor of 18 and i.
18
Let l = 72 + -42. What is the greatest common factor of 165 and l?
15
Let s(j) = 4*j + 6. Let u be s(4). What is the highest common divisor of 55 and u?
11
Let b = 29 + -17. Calculate the highest common factor of b and 30.
6
Suppose 0 = -3*x + 471 - 240. Calculate the greatest common factor of 11 and x.
11
Suppose -2*g - y - y = -4, 3*y = -5*g + 10. Suppose n + g = -5*l + 33, 0 = -5*l + 5*n + 55. Calculate the greatest common divisor of 49 and l.
7
Suppose 5*b - 425 = 5*r, 5*r = -3*b + 239 + 16. Suppose -h + b = l + 4*h, -2*h + 242 = 3*l. Calculate the greatest common divisor of l and 10.
10
Let o be -1*12/4 - -5. Calculate the greatest common divisor of 8 and o.
2
Suppose -3*i - 2*i = 4*t - 480, 0 = -3*t - 15. Calculate the highest common divisor of 40 and i.
20
Let m(o) = o + 3. Let l be -1*(-3 - 0)*1. Let k = l - 3. Let i be m(k). Calculate the highest common divisor of i and 15.
3
Let s = 3 - 2. Let o(k) = 23*k**2. Let m be o(s). Suppose 2*d - m = -c, 3*d - 3*c - c = 7. What is the greatest common divisor of 6 and d?
3
Let y = -2 - -19. Suppose 2*c - 18 = -c. Let o(q) = -q**3 + 8*q**2 - 5*q + 9. Let u be o(c). Calculate the highest common divisor of y and u.
17
Let x(y) = -y**2 - 7*y - 3. Let b be x(-3). What is the greatest common divisor of 36 and b?
9
Let f(u) be the second derivative of 4*u**3/3 + 9*u. Let q be 0 + 0 + -2 - -3. Let w be f(q). Calculate the highest common divisor of 4 and w.
4
Suppose 4*w = -t + 13 + 21, 3*t = 5*w + 34. Calculate the greatest common factor of 2 and t.
2
Let s be -2 + 30 - (-10 - -13). What is the greatest common factor of s and 5?
5
Let z be (-789)/(-21) + (-8)/14. Calculate the highest common divisor of z and 111.
37
Suppose 0 = -3*z - 9 + 75. Let u(g) = g**3 - 3*g**2 - 4*g + 2. Let x be u(5). Suppose -2*m = -x - 78. What is the highest common factor of m and z?
11
Let v(h) = -14*h - 32. Let p be v(-4). Calculate the greatest common factor of 48 and p.
24
Let p = 106 - 162. Let l be (p/(-12))/(4/66). What is the greatest common divisor of l and 7?
7
Suppose 9*y - 3*y = 228. Calculate the highest common factor of y and 152.
38
Let m(p) = p**3 + p - 1. Let z be m(2). Suppose 4*c = c + 135. Calculate the greatest common divisor of z and c.
9
Let m be 4/10 + (-80)/(-50). What is the greatest common divisor of 22 and m?
2
Suppose 4*r - 2*n + 26 = -260, 283 = -4*r + n. Let l = r - -189. Calculate the greatest common divisor of l and 17.
17
Suppose 2*z - 7*z = -125. Suppose -5*o + 5*k = -110, 3*k - 23 = -3*o + z. Calculate the greatest common factor of o and 76.
19
Let n be ((-1)/(-4) - 1)*-8. Suppose -5*h + 15 + 28 = b, -4*h - 52 = -4*b. Calculate the highest common divisor of n and b.
6
Let b be (-1)/((-3)/42*1). Suppose 516 + 154 = 2*v. Suppose 3*n = -5*i + 212 - 27, -3*i + v = 5*n. What is the highest common divisor of n and b?
14
Suppose 0 = -3*n + 6. Suppose 20 = 7*l - 2*l - n*o, -3*o + 4 = l. Let b(i) = 5*i - 29. Let x be b(9). Calculate the highest common divisor of x and l.
4
Let a be 2/((-2)/5*1). Let o be (a - -4)*(-1 + -27). Calculate the greatest common factor of o and 14.
14
Let w(y) = -5*y - 25. Let d be w(-14). What is the greatest common factor of 30 and d?
15
Let n = -162 - -281. Suppose -3*l - 139 = -3*o + n, 4*o - 348 = 2*l. Let u = 65 + -57. What is the highest common factor of u and o?
8
Let x(w) = -w**3 + 4*w**2 + 3*w + 1. Let z be x(4). Let l be (2 - 1 - 6)*-91. Suppose -l = -u - 4*u. What is the greatest common factor of z and u?
13
Suppose -2*o = 2*o - 64. Let n = -3 + o. What is the highest common factor of 13 and n?
13
Suppose 3*d = -3*d + 24. Calculate the greatest common divisor of d and 8.
4
Let l(j) = -53*j - 4. Let d be l(4). Let p = d - -321. What is the highest common divisor of p and 42?
21
Let g = 10 + -1. Let y be 1200/140 + (10/7 - 1). Calculate the greatest common divisor of y and g.
9
Let h = -12 + 18. Let f be -5*-26*3/h. What is the greatest common divisor of f and 26?
13
Let m be 14/7 + 28/1. What is the highest common divisor of 15 and m?
15
Suppose 5*q - 680 = -5*x, -5*q + 33 = x - 115. What is the greatest common factor of 19 and x?
19
Suppose o = -2*v - 3*o + 68, 0 = -v - 3*o + 35. Calculate the highest common factor of v and 8.
8
Let a = 4 + -7. Let v be (-3 + -3 - -1)*a. Let l(r) = -42*r - 3. Let s be l(-4). What is the highest common divisor of v and s?
15
Suppose 2*u - 2 = -6. Let n be 221 + u/((-8)/12). Calculate the highest common divisor of n and 28.
28
Let n be (-1122)/(-8) - 7/28. Suppose 0 = -4*f + u + n, 4*f - 6*f + 88 = -5*u. What is the greatest common factor of f and 238?
34
Let d = 485 - 166. What is the greatest common factor of 29 and d?
29
Let k be -4*(-1)/2*2. What is the highest common divisor of k and 6?
2
Let f be (0 - 2) + (-4)/(-1). Let g be (f - 1)*-2 + 5. What is the greatest common factor of g and 15?
3
Let m(g) be the first derivative of g**2/2 - 2. Let b be m(-1). Let z be 1/b*(3 + -7). What is the highest common divisor of 28 and z?
4
Suppose 0 = -4*o + 2*u + 79 + 59, 2*o + 3*u = 49. Calculate the highest common divisor of 80 and o.
16
Let p be -2 + 7 - (4 - 2). What is the highest common divisor of p and 27?
3
Let d be (-3084)/(-60) + 2/(-5). What is the highest common factor of 119 and d?
17
Let b = -20 + 44. What is the greatest common factor of 3 and b?
3
Suppose 567 = 25*d + 142. Suppose -3*p + 34 = -p. Calculate the highest common factor of d and p.
17
Let l(v) = -5*v - 8. Let x be l(-4). Suppose 5*p - 132 = 3*g + g, -21 = -p - g. What is the greatest common divisor of x and p?
12
Suppose 5*w = 3*w + 30. What is the greatest common factor of w and 3?
3
Suppose 0 = -t - 0 + 9. Let y = t + -4. Calculate the highest common factor of 5 and y.
5
Let w = -81 - -129. What is the highest common factor of w and 3?
3
Suppose 0*w = -4*w + 128. Let h = -5 + 22. Let b = h - 9. Calculate the highest common divisor of w and b.
8
Let c = 423 + -296. Let o be (c - -2 - 1)/1. Suppose 3*m = -4*i + o, 89 = 2*m - i - 0*i. Calculate the highest common divisor of m and 4.
4
Let r(f) = 6*f**2 - 6*f. Let u be r(4). What is the highest common factor of u and 9?
9
Let o be (56/(-10))/(16/(-80)). Calculate the highest common factor of 42 and o.
14
Let g be 1/(53/18 + -3). Let r be ((-12)/9)/(1/g). What is the highest common divisor of r and 3?
3
Let y(h) = 4*h**2 - h + 2. Let n be y(-2). What is the greatest common factor of 20 and n?
20
Suppose 2*z + 13 = 3*z. Suppose 4*a - m = 416, -4*a + 5*m = 3*m - 416. What is the greatest common factor of z and a?
13
Let h(j) = 3*j**2 + 20*j - 15. Let x be h(-9). Calculate the greatest common divisor of 60 and x.
12
Suppose -4 = 4*d + 4*l, d + 2*l + 11 = 2*d. What is the highest common divi